ctor of 1050 and j.
14
Let y(a) = -21*a - 2. Let j be y(-2). Let p(f) = 2*f + 4. Let n be p(3). Suppose 0 = -2*x + n, 29 = 5*w - x - 46. What is the highest common factor of w and j?
8
Suppose -3*h + 3*g + 483 = 0, -h - 5*g + 146 = -3*g. What is the greatest common divisor of h and 13?
13
Let r be (-14)/7*24*-1. What is the highest common factor of 132 and r?
12
Let s = -2053 + 2071. Calculate the highest common factor of s and 621.
9
Let p(w) = 6*w**2 + 4*w + 5. Let q be p(-2). Calculate the highest common divisor of 42 and q.
21
Let m = 2 + 1. Suppose 4*s = -0*s - 8, -4*i + 102 = m*s. Suppose -b = 3*b - 108. Calculate the greatest common divisor of b and i.
27
Suppose 0 = q + 46 - 1. Let a = q + 47. What is the highest common divisor of 1 and a?
1
Suppose -30347 = -36*n - 9143. Calculate the highest common factor of 57 and n.
19
Let r = 3 - 0. Suppose 11*g = 10*g + r. Suppose 0 = 5*z + 3*w - 147, -g*z + 4*w + 54 = -40. What is the highest common factor of z and 20?
10
Let l(g) = -3*g + 762*g**2 + 2 - 387*g**2 - 311*g**2. Let h be l(1). Calculate the highest common divisor of 42 and h.
21
Suppose 4*z + 2*g = -2*g + 1084, -5*z - g + 1351 = 0. Calculate the highest common divisor of 10 and z.
10
Let p(j) = 10*j - 151. Let a be p(17). Let x(z) = z + 0*z + 2*z + 1. Let i be x(6). Calculate the highest common divisor of i and a.
19
Suppose -6 = -3*q - 0*q. Suppose q*f = 5*d + f - 632, -5*d - 3*f + 624 = 0. Let w = -4 - -18. What is the greatest common divisor of w and d?
14
Let g = -23 + 23. Suppose 3*w = 5*d - 34, 3*d + 2*w - 35 + 7 = g. Calculate the greatest common factor of d and 56.
8
Suppose a + 261 = 2*o, 5*o = 7*o + 4*a - 286. Calculate the highest common factor of o and 76.
19
Suppose -5*y = 6*m - 2*m - 220, -121 = -2*y + 5*m. Calculate the greatest common factor of y and 448.
16
Let m be 1*9 - (19 + -19). Let i be 0 + 0 + 0 + m. What is the highest common divisor of 3 and i?
3
Suppose 35*h + 819 = 44*h. Calculate the greatest common factor of h and 13.
13
Suppose -2*o + 7 = 3*j, -j = o - 1 - 0. Let v be 585/20 + (-3)/o. Suppose 2*d + v = 2*k, k - 4*k + 2*d + 46 = 0. What is the highest common factor of 40 and k?
8
Suppose 2*k - 223 - 197 = 4*i, -3*i = -4*k + 815. What is the greatest common divisor of k and 25?
25
Let r = 330 + -324. Let j = -3 - -13. Calculate the highest common factor of r and j.
2
Suppose -3*a = -a - 66. Suppose 3*b + 51 = 3*s, -4*s + a = -0*b + 3*b. What is the highest common divisor of 8 and s?
4
Suppose -z + 4*l + 476 = 0, -12*l + 13*l - 1493 = -3*z. Calculate the highest common factor of 112 and z.
16
Let v(f) = 89*f + 133. Let r be v(3). What is the highest common factor of 24 and r?
8
Let l(m) = m + 9. Let g be l(-5). Suppose -1667 = -3*u - 299. Suppose -u = z - g*z. Calculate the highest common factor of 19 and z.
19
Let u = -119 + 119. Let y be 216/45*((-140)/(-6) - u). What is the greatest common factor of y and 16?
16
Let v(r) be the first derivative of -3*r**2 - 5*r - 13. Let d be v(-1). What is the greatest common factor of d and 8?
1
Let f be (-1)/4 + (-50)/(-8). Let t be -17 + -17 + 32 + 17. What is the highest common divisor of t and f?
3
Suppose 0 = 3*n + 5*m - 3 - 2, 5*n + 5*m = 5. Let q(p) = p**3 - 2*p**2 + 2*p + 1. Let v be q(n). Calculate the greatest common factor of 4 and v.
1
Let h(m) = m**3 - 3*m**2 - 2*m + 3. Let y be h(5). Suppose -14*s + 1130 = -1278. What is the greatest common factor of s and y?
43
Let b = 24 - 20. Suppose 50 = 2*i + 2*f - 200, -b*i = 2*f - 492. Suppose -k = 4*k - 55. What is the greatest common factor of k and i?
11
Suppose 0 = -4*s, -5*h + 110 = -4*s + 3*s. Let t be 10879/110 + 11 - 2/(-20). What is the highest common factor of t and h?
22
Let p(n) = -n + 67. Let u be p(45). Calculate the greatest common factor of 803 and u.
11
Let i be (41 + 5)*6/12. Calculate the highest common divisor of i and 207.
23
Let f = 39 - 23. Suppose b - 2*b = -7. Suppose -12*l + 720 = -b*l. Calculate the highest common divisor of l and f.
16
Let m(o) = -12*o + 1. Let j be m(-4). Suppose -j + 329 = 7*t. Let r be 2/(-9) + (-146)/(-9). What is the highest common factor of r and t?
8
Let g = 18 + 2. Let f be (-1)/3 - 14415/(-45). Suppose 2*b + 2*b = f. What is the greatest common factor of b and g?
20
Suppose j = 3*k + 2, -3*j + k + 19 + 3 = 0. Let t be (j/10)/((-805)/(-200) + -4). What is the highest common factor of t and 16?
16
Let s be (-1)/(-5)*2 + 459/15. Calculate the greatest common divisor of 124 and s.
31
Let y = 12 - 7. Let w = 2916 - 2871. What is the highest common factor of y and w?
5
Suppose 2*q - 6 = 5*a, 3*q = -2*a - a + 9. Suppose a = -5*m + 21 + 79. Calculate the greatest common divisor of 100 and m.
20
Suppose -5*k = 221 + 9. Let l = 6 - k. Let f = -13 - -26. What is the highest common factor of f and l?
13
Suppose 12 = 3*z - y, -z - 2*y + 12 = 1. Suppose z*w - w = 12. Let t = 5 - w. Calculate the greatest common divisor of 22 and t.
2
Suppose 2*z + 6 = 3*z. Let s = 58 + -48. What is the greatest common factor of s and z?
2
Suppose 0 = 3*o + 2*o + q + 16, -3*o - 5*q = 14. Let z = -1 - o. Let l be 3*(1 - z) - -75. Calculate the highest common divisor of 48 and l.
24
Suppose -2*w - 2*b = -18, -b + 42 = -958*w + 962*w. Suppose -2*y + 166 = -c + 5*c, -4*y = 2*c - 314. Calculate the highest common divisor of y and w.
11
Let q = -10 + 13. Suppose -q*h + 253 = -11. Let z be h*(1 + 0/2). What is the greatest common divisor of z and 8?
8
Let l(u) = -u**3 - 5*u**2 - 2*u + 8. Let d(a) = -a - 22. Let h be d(-16). Let c be l(h). Suppose 5*t - 35 = 5. What is the greatest common divisor of c and t?
8
Let m be 1*(-91)/3*-3. Calculate the highest common factor of 7 and m.
7
Let a(q) = 2*q + 153. Let l be (-1)/((14/(-12))/7). Suppose 0 = l*n - 7*n. Let z be a(n). What is the highest common divisor of 17 and z?
17
Let u = 98 + -86. Let g be 16/12*(-18)/(-4). Calculate the greatest common divisor of g and u.
6
Suppose 102 = 21*w - 4*w. Let k(r) = -r**3 - 5*r**2 + 6*r + 6. Let g = -14 + 8. Let d be k(g). What is the highest common divisor of w and d?
6
Let i = -316 + 334. What is the highest common factor of 666 and i?
18
Suppose f + r = 3*f + 3, 5*f + 3*r - 9 = 0. Suppose f = u + 5, -j + 11*u = 15*u - 3. Calculate the highest common factor of 138 and j.
23
Suppose 4*s = -5*y + 36, -7*s = -2*s - 20. Suppose -5*p + 114 = -2*v, -v - 10 = y*v. What is the greatest common divisor of p and 2?
2
Let s = 41 + -7. Let v = -30 + s. What is the greatest common divisor of 28 and v?
4
Suppose -1245*n - 228 = -1248*n. Calculate the greatest common factor of 19 and n.
19
Let a = -368 + 626. Let b = a - 177. Suppose 4*f - 36 = i, -24 - 21 = -5*f - 3*i. Calculate the greatest common divisor of b and f.
9
Let q be 12/8*(-32)/(-3). Suppose -14*j - 758 = -814. Calculate the highest common divisor of q and j.
4
Let w be (-6)/((-264)/124) - 2/(-11). Calculate the greatest common divisor of 69 and w.
3
Suppose 5 = 3*o + u, 0*u - 5*u - 9 = -2*o. Suppose -5*g = -5*h + 35, o*h - 9 - 7 = g. Calculate the greatest common factor of h and 3.
3
Suppose -5*a + 19 = -6. Let c(z) = -2*z**3 - 5*z**2 + 2*z + 2. Let i = 1 + -4. Let m be c(i). What is the highest common factor of m and a?
5
Suppose 4*y = -4*w + 3*w - 36, 9 = -y - 2*w. Let z be 3*(66/y)/(-1). Calculate the highest common divisor of z and 55.
11
Let l(b) = 3*b - 17. Let o be l(7). Suppose -o*a - 14 = -3*j, -j - 3*a - 5 = -1. Let m = 9 - 6. What is the highest common divisor of m and j?
1
Let o be 22/(-6) - (-10)/15. Let d be (189/(-6))/o*2. Let g(x) = 2*x - 4. Let p be g(9). Calculate the greatest common factor of p and d.
7
Let o be -1 + (65 + -1)/8. Let c be 28/6*(-30)/(-4). Calculate the highest common factor of c and o.
7
Let o(i) = i**2 + 8*i - 4. Let b be o(-9). Suppose 0 = -b*f + 2*f + 81. Calculate the highest common factor of f and 9.
9
Suppose l - 5*f + 2 = 38, 2*f = 3*l - 82. Suppose 0 = -30*n + l*n + 384. What is the greatest common divisor of 12 and n?
12
Suppose -3*h + h - 3*c + 1522 = 0, 0 = -4*h + 2*c + 3076. Suppose -5*v - 297 = -h. What is the highest common factor of 235 and v?
47
Let v = 2 - -4. Let w be (16 - 14)/(3 - 15/6). Let u = v - w. What is the highest common factor of 1 and u?
1
Let r be 2/3 + 20/(-30). Suppose -4*a = -4*j - 4, -3*a 